-46d8?
-46be
In base 5, what is 2 + 112034301?
112034303
In base 8, what is 10324347 - 5?
10324342
In base 9, what is 325382 - -52?
325444
In base 8, what is -67272 + -3?
-67275
In base 8, what is -445442 + 4?
-445436
In base 3, what is -1001222120 + -100?
-1001222220
In base 3, what is 20122001120210 - 10?
20122001120200
In base 10, what is -795 - 83?
-878
In base 15, what is -2 - -abaa0?
aba9d
In base 5, what is 344100 - 23?
344022
In base 6, what is 30 - 452302?
-452232
In base 10, what is 1 - -1470?
1471
In base 14, what is 931 + 18?
949
In base 15, what is 2 + ab13?
ab15
In base 11, what is -a3484 - 11?
-a3495
In base 13, what is 186976 - -1?
186977
In base 7, what is 331104 + -14?
331060
In base 9, what is -317377 - -5?
-317372
In base 8, what is 402 - 5606?
-5204
In base 11, what is -47 + 4a84a?
4a803
In base 16, what is 13c4e + 3?
13c51
In base 4, what is -123012102 + -10?
-123012112
In base 14, what is -38d58 + 2?
-38d56
In base 5, what is 2002013 - 31?
2001432
In base 7, what is 4 - -133140?
133144
In base 9, what is 186047 + 17?
186065
In base 13, what is -7 + 157?
150
In base 15, what is -2 - -1516c4?
1516c2
In base 7, what is -4030516 + -2?
-4030521
In base 3, what is 10 + -20121022?
-20121012
In base 10, what is -3 + 768307?
768304
In base 4, what is 3002010 + -3?
3002001
In base 9, what is -1746 + 33?
-1713
In base 4, what is 213210 - -1112?
220322
In base 4, what is 30 + -323130?
-323100
In base 14, what is -d3dd + -5?
-d404
In base 16, what is -1ed27 + 3?
-1ed24
In base 2, what is -100110011000 - -1011?
-100110001101
In base 7, what is -10 + 23333?
23323
In base 3, what is -10 - -12221020220?
12221020210
In base 9, what is -3647 + 85?
-3552
In base 16, what is -318ed - 3?
-318f0
In base 11, what is -3a + 8906?
8877
In base 12, what is -49350b - 3?
-493512
In base 10, what is 7 - -10413?
10420
In base 8, what is -5 + 503106?
503101
In base 16, what is 0 - -188?
188
In base 8, what is 26 - 243?
-215
In base 12, what is 5 + -1b3a?
-1b35
In base 13, what is -b - 143040?
-14304b
In base 3, what is 100 + -121222101221?
-121222101121
In base 11, what is 55 - -12290?
12335
In base 7, what is 1 + -44622?
-44621
In base 9, what is 34 - -773?
817
In base 10, what is 282 - 41?
241
In base 11, what is -2aa - -328?
29
In base 16, what is -3d - 785?
-7c2
In base 13, what is 55 + 559?
5b1
In base 11, what is 1a04 + -18?
1997
In base 16, what is -487 + -3fb?
-882
In base 4, what is 12313 + -22000?
-3021
In base 15, what is -747 - 5?
-74c
In base 7, what is -55 + 33653?
33565
In base 13, what is -1a9 - 77?
-253
In base 10, what is 7 - 14345?
-14338
In base 7, what is 4 - -22042?
22046
In base 6, what is 20250355 - -1?
20250400
In base 5, what is 2 + -21401022?
-21401020
In base 13, what is -5 + -69430?
-69435
In base 7, what is 211 + 151406?
151620
In base 4, what is -101232320 - 0?
-101232320
In base 4, what is -232 - -201310?
201012
In base 14, what is -1 - -2007dd?
2007dc
In base 3, what is -1001001 + -12111202?
-20112210
In base 12, what is -2b - -259?
22a
In base 14, what is -5 - 5a9b?
-5aa2
In base 12, what is b414 + -6?
b40a
In base 15, what is 17bbe0 + 3?
17bbe3
In base 4, what is 10 - -2013121010?
2013121020
In base 3, what is 202201 + -202100?
101
In base 16, what is f6b - 28?
f43
In base 4, what is 10332230 + -3?
10332221
In base 2, what is -11 - -111000100101?
111000100010
In base 10, what is 0 + 88?
88
In base 6, what is -4 + -533311?
-533315
In base 16, what is -48f5 - -3?
-48f2
In base 6, what is -44035 - -450?
-43145
In base 7, what is -114420 - -41?
-114346
In base 12, what is 1 - 855?
-854
In base 14, what is -1c540 - -50?
-1c4d0
In base 10, what is 372871 + 4?
372875
In base 2, what is -1110011100010110 - 100?
-1110011100011010
In base 4, what is -11200 - -1122?
-10012
In base 3, what is 1002020011201 + 0?
1002020011201
In base 13, what is -8 - -5a80?
5a75
In base 5, what is 14 + -42211?
-42142
In base 5, what is 110 + -12112?
-12002
In base 7, what is -3 + -345261?
-345264
In base 12, what is 812106 - 2?
812104
In base 14, what is -ac7 - 403?
-10ca
In base 15, what is 19 + 65241?
6525a
In base 16, what is -1c8b - 18?
-1ca3
In base 8, what is 1072274 + 0?
1072274
In base 10, what is 105 + -983?
-878
In base 3, what is 1011222122 + -10120?
1011212002
In base 10, what is 3573 + -41?
3532
In base 13, what is 9b95 + -67?
9b2b
In base 4, what is 13 + -13300123?
-13300110
In base 14, what is -133 - 323?
-456
In base 5, what is 12 - -212312?
212324
In base 14, what is 7784 + 14?
7798
In base 2, what is -1101000110001110 + 1011?
-1101000110000011
In base 13, what is -3acc26 - -5?
-3acc21
In base 14, what is -23 + -1d4a?
-1d6d
In base 11, what is 727 + 3824?
4450
In base 11, what is -43 + -73?
-106
In base 5, what is -104423 - 10?
-104433
In base 7, what is 2146046 - -1?
2146050
In base 15, what is 0 + 155b2?
155b2
In base 5, what is -4302 - 22244?
-32101
In base 11, what is 0 + 162839?
162839
In base 16, what is 4 + 13c55?
13c59
In base 14, what is -6 - -bda9?
bda3
In base 3, what is -12 + 2111010202110?
2111010202021
In base 3, what is -22102111120112 + 11?
-22102111120101
In base 10, what is 3 - -10277?
10280
In base 10, what is 8136 + 4?
8140
In base 8, what is -56141 - -111?
-56030
In base 8, what is 161633 + -17?
161614
In base 11, what is 15 - 3319?
-3304
In base 14, what is 6 + 22a?
232
In base 9, what is -182 - 300?
-482
In base 11, what is 13419 - 2a?
1339a
In base 14, what is 6 - 38a18?
-38a12
In base 12, what is -9984 + -2?
-9986
In base 2, what is 1000111 + -1111001011100?
-1111000010101
In base 13, what is -b171 - -11?
-b160
In base 14, what is 3 + -3c4d?
-3c4a
In base 7, what is 6354 - -45?
6432
In base 4, what is 133130 + -312?
132212
In base 12, what is a - a844?
-a836
In base 16, what is 54f + -fab?
-a5c
In base 16, what is 3573d + 0?
3573d
In base 11, what is -993 - 1a41?
-2924
In base 15, what is b4b - 7?
b44
In base 14, what is -1b - 94ab?
-94c8
In base 2, what is -10001000010 - 111001000?
-11000001010
In base 13, what is -2 + -130ca?
-130cc
In base 3, what is 221011120101 - -1?
221011120102
In base 11, what is -11 + 6173?
6162
In base 4, what is -1 - -211233?
211232
In base 11, what is -a27 + 2?
-a25
In base 13, what is -9a + -273?
-340
In base 7, what is 6435 + -1122?
5313
In base 5, what is 3213 - -144?
3412
In base 9, what is 180 + -4238?
-4048
In base 10, what is 10 + 14774?
14784
In base 9, what is 0 - -33136?
33136
In base 3, what is 20121 - 1110010?
-1012112
In base 4, what is -2302213 + 10?
-2302203
In base 6, what is -425004 + -23?
-425031
In base 13, what is -17ab3 + 16?
-17a9a
In base 14, what is -b3 - -a02?
92d
In base 2, what is 101101101000010111 - 10?
101101101000010101
In base 14, what is 5 - -929?
930
In base 14, what is 23 - 1ab2?
-1a8d
In base 3, what is 201022201 - -12?
201022220
In base 2, what is 1011101 - -111110001?
1001001110
In base 9, what is -2317 + 122?
-2185
In base 14, what is 6bc6 + 36?
6c1c
In base 6, what is -214101300 + -4?
-214101304
In base 14, what is -6cb42 + 2?
-6cb40
In base 15, what is 0 - -4adc3?
4adc3
In base 5, what is -1230114 - -1?
-1230113
In base 16, what is 1f + -49c?
-47d
In base 3, what is -122011001211221 - 2?
-122011001212000
In base 9, what is -517777 - 12?
-517800
In base 3, what is 2221021222 + 20?
2221022012
In base 4, what is -300331 + -1120?
-302111
In base 15, what is -6 + -88e5e?
-88e65
In base 9, what is 12312 + -3?
12308
In base 5, what is -110 + -1420321?
-1420431
In base 8, what is 36634 + -46?
36566
In base 12, what is a + -936?
-928
In base 15, what is 23a + -bd0?
-995
In base 12, what is -4150 - -146?
-4006
In base 16, what is -c6 - 9c0?
-a86
In base 10, what is -250 - 14?
-264
In base 2, what is 0 - -11100011100111?
11100011100111
In base 15, what is 1 - -58ddc?
58ddd
In base 10, what is 28591 + -2?
28589
In base 10, what is 509 + -27?
482
In base 14, what is d + -362?
-353
In base 3, what is -11 - -212022001222?
212022001211
In base 9, what is 3 + -250775?
-250772
In base 8, what is 12 + 10216?
10230
In base 11, what is 58a09 - 0?
58a09
In base 6, what is -5 - 401134?
-401143
In base 7, what is 4 - -1312502?
1312506
In base 12, what is -5 - 122b?
-1234
In base 13, what is 3 - -18cb?
1901
In base 2, what is -1100001100111 - 11111?
-1100010